
Let w(b) be the third derivative of 0*b + 4/15*b**5 - 1/6*b**3 + 0 + 0*b**4 - 161*b**2. Determine w(1).
15
Let m(s) be the third derivative of -6*s + 1/24*s**4 + 0*s**3 + 0 - 31/120*s**6 + 0*s**5 - 3*s**2. What is m(1)?
-30
Let y(a) be the second derivative of a**5/20 - 5*a**4/12 + a**3 - 7*a**2/2 - 8324*a. Suppose 7 = 2*b - f, 0*b - 2*b = -4*f + 2. What is y(b)?
23
Suppose 0 = 3*n - u + 2*u + 17, -5*n - 34 = -4*u. Let x(s) = -4*s - 19. Let r be x(-6). Let z(w) = r + 4 - 3 + 3*w. What is z(n)?
-12
Let l(y) = 2*y**2 + 6*y - 2. Let x(v) be the third derivative of v**5/30 + v**4/3 - v**3/3 - 76*v**2. Let a(c) = 4*l(c) - 3*x(c). Give a(2).
6
Let y be -3 - ((6 + -4)*2 - 4). Let o(w) be the third derivative of w**5/60 + w**4/6 - w**3/6 + 16*w**2. Give o(y).
-4
Let w be ((-189)/6 - -3)/(6/(-8)). Let d be 0 - (6/57 - 156/w). Let o(h) = h**3 - 4*h**2 - 2*h - 1. What is o(d)?
-9
Let q = 349 - 343. Suppose 4*b = -5*y + 8*y + 6, 3*y - q = 0. Let t(n) = n**3 - n**2 - 2*n + 4. Calculate t(b).
16
Let j(z) = -z**2 + 6*z - 6. Let p(q) = -q**3 + 14*q**2 - 20*q - 2. Let m be p(13). Let n = m + 97. Calculate j(n).
2
Let u(q) = 4*q**2 - 5*q + 11*q + 20*q - 6*q + 4*q**2 - 2*q**3. What is u(6)?
-24
Suppose -9 = -3*v + q, -4*v - v - 2*q + 15 = 0. Suppose -4*p + 5 = -v*p. Let m(x) be the first derivative of -x**2/2 + x - 11866. Give m(p).
-4
Let q(x) = x + 3*x - x**3 - x**2 - 3*x. Let v = 721 + -120. Let m = -599 + v. Determine q(m).
-10
Let h(w) = 1. Let u(t) = t**3 - t**2 + 16. Let a(d) = -2*h(d) - u(d). Suppose -2*l + 8 = 4*q, 159*l - 164*l = 4*q - 8. What is a(l)?
-18
Let s(w) = -6 - w - 8 - 3. Let b be s(-23). Let n be b + -4 - (-1 - -2). Let l(x) = 6*x**2. What is l(n)?
6
Let v = -112 - -114. Let o(z) = 13*z**2 - 8*z**2 + 3 + v - 4. Determine o(-1).
6
Let p(a) be the second derivative of -3 - 7/2*a**2 - 1/60*a**5 + 1/3*a**4 + 4*a + 0*a**3. Let c(d) be the first derivative of p(d). What is c(8)?
0
Let p(n) = -n**2 - 9*n + 3. Let m = -1190 - -1197. Let t(l) be the second derivative of -2*l**3/3 + l**2/2 - l. Let o(h) = m*t(h) - 3*p(h). Determine o(2).
8
Let y(i) = i**2 - 5*i + 5. Let o(g) = g**3 - 9*g**2 - 9*g - 7. Let c be o(10). Let t be 8/(-10)*60/(1 - 13). Suppose c*r = 11 + t. Give y(r).
5
Let m(k) = 17*k**3 + 6*k**2 + 3*k - 24. Let j(g) = 10*g**3 + 3*g**2 + 2*g - 13. Let d(z) = 7*j(z) - 4*m(z). Give d(2).
13
Suppose g = -2*g - 18. Let w(r) = 37*r - 245. Let f be w(7). Let k(x) = f + 5*x + 15 - 22. What is k(g)?
-23
Let b(f) = 35*f**2 + 28*f - 24. Let h(s) = -32*s - 11 + 16*s**2 + 112*s - 29*s - 38*s. Let w(u) = 6*b(u) - 13*h(u). Let g be 0 + 1 - 2 - 0. Give w(g).
2
Let c(q) = 6*q**3 - 10*q**2 + 10*q + 2. Let s(n) = 49*n**3 + 44*n**3 - n**2 + n - 92*n**3. Let d(r) = -c(r) + 5*s(r). Suppose 4*t - 7 - 9 = 0. What is d(t)?
-6
Suppose 0 = -g + 4*i + 124, -5*g + 3*i + 459 = -246. Suppose 41*n + g = 472. Let f(j) = j**2 - 5*j + 5. What is f(n)?
29
Let m(l) = -3*l**3 + l**2 - 4*l - 6. Let p = -2023 - -2022. Determine m(p).
2
Let y(i) be the third derivative of 3*i**4/8 - 2*i**3 - 2*i**2 + 589*i. Calculate y(2).
6
Let s be -15*9/135 - -2*2/4. Let i(r) = -3*r - 175. Give i(s).
-175
Let o(z) = -1. Let j(s) = -s + 2. Let c(l) = -j(l) + 6*o(l). Suppose 8081*y - 8160*y = -1264. Determine c(y).
8
Let p = 124016 - 124018. Let i be (2 - 5)*4/(-6). Let b(v) = -i*v + 6 + 0*v - 5. Give b(p).
5
Let a(o) = o**2 + o + 19. Let c = -445 + 491. Let p be c/(-529) + (-2)/(-23). Determine a(p).
19
Let y(w) = w**3 - 2*w**2 - 2*w - 6. Let o(a) = -62*a - a**3 + 4*a**2 - 62*a + 0*a**3 + 5 + 126*a. Let m(d) = 5*o(d) + 6*y(d). Determine m(-8).
5
Let p(z) = 25*z + 1 + 8*z - 34*z. Let t(i) be the third derivative of -7*i**4/24 + 7*i**3/6 - 6*i**2. Let a(w) = 6*p(w) - t(w). Determine a(0).
-1
Let q = -42228 - -42224. Let d(b) = 4 - b**2 + 5*b + 3*b**2 - 3*b. Determine d(q).
28
Let c(a) = 7 + 47*a + 21 - 18 - 25*a - 30*a. Give c(5).
-30
Let t(j) = j + 1 - 4 + j. Suppose -2*b + 6 = -a, 0 = -0*b - b + a + 4. Suppose -2*p - 16 = -b*x, 0 = 5*p + 4*x + 1 + 3. What is t(p)?
-11
Let w(k) = 6*k - 127. Let m be w(22). Suppose -3*x - 2*g + 0 - 3 = 0, -3*x + 18 = -m*g. Let z(a) = 3*a**2 + a - 2. Calculate z(x).
2
Let i(h) be the third derivative of 2*h**5/15 - h**4/24 - h**2. Let n(w) = -w**2 - 13*w - 14. Let b be n(-7). Let d be 2 + 60/(-27) + b/(-36). What is i(d)?
9
Let u(h) be the second derivative of h**4/6 + 5*h**3/6 + 3*h**2 - 8*h. Let x(q) = -q**2 + 10*q - 29. Let f be x(5). Determine u(f).
18
Let q = -5 + 5. Let g be q*3/3 + 5. Let h(x) = 111*x - 1. Let z(o) = -556*o + 11. Let n(d) = 5*h(d) + z(d). Calculate n(g).
1
Let w(d) = d**3 - 9*d**2 + 13*d - 10. Suppose -5*z - 7 = -67. Suppose t + 4*o = 5*t - z, -2*t + o + 11 = 0. Calculate w(t).
30
Let a = -124 - -132. Let x(i) = a*i + 7*i + 1 + 8*i - 4*i. What is x(1)?
20
Let q(k) = -38 - 203*k**2 + 69*k**2 + 62*k**2 - 12 + 27*k + 71*k**2. Calculate q(25).
0
Let j(y) be the second derivative of 3/2*y**2 + y**3 + 1/24*y**4 + 0 - 11*y. Let w(c) be the first derivative of j(c). Determine w(-3).
3
Let j(n) be the second derivative of 10 - 2*n + 1/6*n**3 - 9/2*n**2. Determine j(8).
-1
Suppose 2*q = 4*r - 32, 97*r + q = 100*r - 23. Let c(z) = -z**2 + 5*z + 15. Calculate c(r).
1
Let j(c) = 2*c + c - 2*c - 19. Let l be (15 + -15)*(6 - 2/((-6)/(-17))). Give j(l).
-19
Let a(p) = 1. Let x be (0 + (3 - 1))/(-2). Let o(s) = -s**2 + 7*s - 13. Let t be 32/(-5) - 26/(-65). Let d(l) = t*a(l) + x*o(l). Determine d(5).
-3
Let p(n) be the third derivative of 2/3*n**3 - 29 + 3*n**2 - 3/8*n**4 + 0*n + 11/60*n**5 - 1/120*n**6. Determine p(10).
14
Let v = -20 - -22. Let z be (v/7)/((-16)/(-56)). Let m(p) = 1 + z - 2 - 2*p + 1. Calculate m(-1).
3
Let a(j) = 2*j. Let s(m) = 9*m + 1. Suppose 0 = -k - 5*v - 40, -2*v + 5 = -3*k - 47. Let g(x) = k*a(x) + 5*s(x). Determine g(-2).
-5
Let l(f) = 8*f + 33. Let k be -371*(-108)/3969 + 1 + (-23)/21. What is l(k)?
113
Suppose -16 = -t + 5*n, -21*n + 23*n = -5*t - 1. Let s(m) = 11*m + 4. Let q(y) = -2*y - 1. Let u(j) = -5*q(j) - s(j). Calculate u(t).
0
Suppose 2931 - 2910 = 7*c. Let u(j) = j**3 + 0*j**c + 2356*j**2 + 10 - 2374*j**2. Determine u(18).
10
Let j be (-4)/(8/14) - -17. Suppose 94*i = 92*i + j. Let d(o) = -o**2 - o - 3. Let z(c) = c + 1. Let y(s) = d(s) + 3*z(s). Calculate y(i).
-15
Suppose a = -h + 1, 8*a - 3*a = -h - 11. Let o be (-3)/9*a*(5 + -11). Let i(y) = -y - 7. Give i(o).
-1
Let v = 331 - 556. Let d = 231 + v. Let r(n) = 4*n - 12. What is r(d)?
12
Let h(d) = -3*d - 22. Let i(u) = -u**2 + 4*u + 48. Let t(z) = 9*h(z) + 4*i(z). Determine t(-6).
-84
Let k(t) = -14*t + 14. Let l be (3 - 11) + (27 - -1) + -23. Give k(l).
56
Let f(a) = 10*a + 2. Let i(c) = -c**3 - 10*c - 11 - 7 - 8 - 10*c**2 + 27 - 7. Let k be i(-9). Determine f(k).
32
Let r(n) = 2*n**2 + 4*n + 1. Suppose i + 4*i = 35. Suppose -i*t - 60 = 8*t. Calculate r(t).
17
Let x(k) = -k + 4. Let p be x(-4). Let f(i) = -i**3 + 7*i**2 + 5*i + 23. Let h be f(p). Let m(z) = 34*z**2 - z - 1. Give m(h).
34
Let k(z) be the second derivative of -z**5/20 - 5*z**4 + 31*z**3 - 195*z**2/2 + 4490*z. What is k(-63)?
-6
Let f(u) = -u**2 - 9*u - 16. Suppose -3*t - 2*m - 35 = 0, 141 = m + 145. What is f(t)?
-16
Let i be (((-154)/11)/(-7))/(-2). Let w(y) = -24*y**2 - 4*y - 2. Give w(i).
-22
Let x(n) be the third derivative of -25*n**4/12 + 25*n**3/6 + 3050*n**2. Determine x(3).
-125
Suppose 12547 = 6*d + 2929. Let q(o) = d - 1608 + 2*o - o. Let c = 3 - -5. Calculate q(c).
3
Suppose 0 = -3*a + l + l - 4, 3*a = -3*l + 6. Let w(t) be the first derivative of t**3/3 - 3*t**2/2 + 9*t - 66407. Give w(a).
9
Let d(t) = -30*t**2 - 4*t + 185. Let a(j) = 13*j**2 + 2*j - 96. Let q(g) = -7*a(g) - 3*d(g). Calculate q(-12).
-3
Let l(w) = 8*w. Let s(j) = -4*j**2 + 15*j - 5. Let q be s(7). Let t = q - -94. Let c be 3*(-35)/(-90) - t/(-12). What is l(c)?
8
Let f(i) = -10*i + 181 - 549 + 179 + 185. What is f(5)?
-54
Let l(m) = 25*m**2 - 6*m - 8 - 5*m - 21*m**2 - 12*m + 3*m. Calculate l(5).
-8
Let n(r) = -1 + 1205*r + 13 - 2293*r - 3 + 1168*r - 8*r**2. Determine n(10).
9
Suppose -7299*s + 7225*s = -444. Let y = 3 - 3. Let n(u) = y*u**2 + 3*u + 2*u - u**2 + 3. Determine n(s).
-3
Let d = -40 - -40. Let a(f) be the second derivative of f**3/6 + 8*f**2 - 40*f + 4. Determine a(d).
16
Let o = 221 + -227. Let i be